842469?
3, 23, 229601
What are the prime factors of 204218?
2, 7, 29, 503
List the prime factors of 8767480.
2, 5, 219187
List the prime factors of 123764.
2, 30941
List the prime factors of 1634622.
2, 3, 11, 24767
What are the prime factors of 13456757?
571, 23567
What are the prime factors of 146973?
3, 48991
What are the prime factors of 661466?
2, 13, 19, 103
What are the prime factors of 213592?
2, 26699
List the prime factors of 7753086.
2, 3, 11, 39157
What are the prime factors of 4349647?
401, 10847
What are the prime factors of 13941525?
3, 5, 13, 79, 181
List the prime factors of 168731.
168731
List the prime factors of 13096701.
3, 485063
List the prime factors of 301209.
3, 100403
What are the prime factors of 29368647?
3, 7, 11, 42379
What are the prime factors of 124421?
11, 11311
What are the prime factors of 22965709?
13, 29, 60917
What are the prime factors of 1166514?
2, 3, 23, 79, 107
What are the prime factors of 616914?
2, 3, 34273
List the prime factors of 260805.
3, 5, 17387
What are the prime factors of 3839552?
2, 17, 3529
What are the prime factors of 5713787?
5713787
List the prime factors of 44707.
13, 19, 181
What are the prime factors of 715937?
107, 6691
List the prime factors of 2702295.
3, 5, 37, 541
List the prime factors of 1209059.
71, 17029
List the prime factors of 766892.
2, 7, 61, 449
List the prime factors of 5299217.
7, 11, 68821
List the prime factors of 1521224.
2, 29, 79, 83
List the prime factors of 144889.
144889
List the prime factors of 43505925.
3, 5, 580079
List the prime factors of 2256732.
2, 3, 62687
List the prime factors of 691073.
257, 2689
What are the prime factors of 1838040?
2, 3, 5, 17, 53
What are the prime factors of 1953473?
1953473
List the prime factors of 798222.
2, 3, 173, 769
List the prime factors of 210979.
23, 9173
What are the prime factors of 401108?
2, 149, 673
List the prime factors of 22480259.
41, 337, 1627
List the prime factors of 460681.
13, 35437
List the prime factors of 69938.
2, 11, 17
What are the prime factors of 3070846?
2, 17, 181, 499
List the prime factors of 92001.
3, 7, 13, 337
What are the prime factors of 191536?
2, 11971
List the prime factors of 4254562.
2, 13, 163637
What are the prime factors of 56230?
2, 5, 5623
What are the prime factors of 22239403?
22239403
List the prime factors of 4272544.
2, 31, 59, 73
What are the prime factors of 926390?
2, 5, 92639
List the prime factors of 407110.
2, 5, 11, 3701
List the prime factors of 14922843.
3, 13, 67, 5711
List the prime factors of 398427.
3, 59, 2251
List the prime factors of 18027.
3, 2003
List the prime factors of 500058.
2, 3, 13, 2137
What are the prime factors of 180191?
11, 16381
List the prime factors of 297764.
2, 74441
What are the prime factors of 253244?
2, 63311
What are the prime factors of 9374113?
7, 101, 13259
What are the prime factors of 1364320?
2, 5, 8527
List the prime factors of 297187.
11, 27017
What are the prime factors of 534706?
2, 267353
List the prime factors of 518531.
13, 39887
List the prime factors of 6940592.
2, 433787
What are the prime factors of 128161?
11, 61, 191
What are the prime factors of 1194731?
1194731
What are the prime factors of 7643014?
2, 1049, 3643
What are the prime factors of 21862534?
2, 10931267
List the prime factors of 516812.
2, 47, 2749
What are the prime factors of 572066?
2, 11, 26003
List the prime factors of 7595401.
11, 690491
What are the prime factors of 10159?
10159
What are the prime factors of 2456758?
2, 1049, 1171
What are the prime factors of 1080139?
967, 1117
What are the prime factors of 285174?
2, 3, 5281
What are the prime factors of 369250?
2, 5, 7, 211
List the prime factors of 23797.
53, 449
What are the prime factors of 14037047?
41, 173, 1979
List the prime factors of 38760.
2, 3, 5, 17, 19
List the prime factors of 1348750.
2, 5, 13, 83
List the prime factors of 430783.
430783
List the prime factors of 85343.
31, 2753
What are the prime factors of 341053?
239, 1427
What are the prime factors of 747664?
2, 83, 563
What are the prime factors of 13878554?
2, 6939277
What are the prime factors of 20762497?
7, 19, 156109
List the prime factors of 101431.
11, 9221
List the prime factors of 908720.
2, 5, 37, 307
List the prime factors of 2824438.
2, 1412219
What are the prime factors of 16423770?
2, 3, 5, 11, 157, 317
List the prime factors of 81826.
2, 163, 251
List the prime factors of 11193656.
2, 41, 34127
List the prime factors of 2704865.
5, 347, 1559
List the prime factors of 26450617.
41, 645137
What are the prime factors of 2161810?
2, 5, 7, 89, 347
What are the prime factors of 35471080?
2, 5, 886777
List the prime factors of 1291705.
5, 41, 6301
What are the prime factors of 1470871?
1470871
What are the prime factors of 1468230?
2, 3, 5, 109, 449
What are the prime factors of 4513936?
2, 7, 41, 983
List the prime factors of 13398578.
2, 977, 6857
List the prime factors of 5553381.
3, 1851127
List the prime factors of 343977.
3, 114659
What are the prime factors of 1981191?
3, 47, 14051
List the prime factors of 1650159.
3, 7, 8731
What are the prime factors of 19402690?
2, 5, 1940269
List the prime factors of 18804228.
2, 3, 31, 50549
List the prime factors of 56863.
101, 563
What are the prime factors of 3834736?
2, 239671
List the prime factors of 18542290.
2, 5, 13, 19, 7507
List the prime factors of 3654.
2, 3, 7, 29
List the prime factors of 738614.
2, 73, 5059
List the prime factors of 5376.
2, 3, 7
What are the prime factors of 2221706?
2, 641, 1733
List the prime factors of 199408.
2, 11, 103
List the prime factors of 197232.
2, 3, 7, 587
List the prime factors of 2651825.
5, 11, 9643
List the prime factors of 883925.
5, 7, 5051
List the prime factors of 205163.
7, 53, 79
What are the prime factors of 1231671?
3, 7, 89, 659
What are the prime factors of 1471701?
3, 7, 11, 23, 277
List the prime factors of 11754779.
11754779
What are the prime factors of 9994855?
5, 13, 19, 8093
List the prime factors of 920541.
3, 306847
What are the prime factors of 2090205?
3, 5, 13, 397
What are the prime factors of 565634?
2, 277, 1021
What are the prime factors of 21950355?
3, 5, 7, 349, 599
List the prime factors of 1298011.
11, 13, 29, 313
What are the prime factors of 8656692?
2, 3, 11, 65581
What are the prime factors of 18219177?
3, 1399, 1447
List the prime factors of 11670064.
2, 7, 29, 3593
What are the prime factors of 16416533?
7, 2345219
What are the prime factors of 14316754?
2, 17, 421081
List the prime factors of 816195.
3, 5, 54413
What are the prime factors of 3955903?
7, 593, 953
List the prime factors of 630977.
71, 8887
List the prime factors of 7173247.
97, 73951
List the prime factors of 232742.
2, 116371
List the prime factors of 6426581.
7, 127, 7229
What are the prime factors of 16358377?
7, 2336911
List the prime factors of 459413.
433, 1061
What are the prime factors of 21291695?
5, 4258339
List the prime factors of 216319.
216319
List the prime factors of 378233.
17, 19, 1171
What are the prime factors of 188234?
2, 94117
What are the prime factors of 497488?
2, 17, 31, 59
List the prime factors of 1022217.
3, 7, 48677
List the prime factors of 439469.
653, 673
What are the prime factors of 144403?
7, 421
What are the prime factors of 107411?
37, 2903
What are the prime factors of 784454?
2, 11, 181, 197
List the prime factors of 1002671.
317, 3163
What are the prime factors of 213306?
2, 3, 73, 487
What are the prime factors of 617087?
617087
List the prime factors of 1149923.
37, 31079
What are the prime factors of 6221549?
6221549
What are the prime factors of 203283?
3, 7529
What are the prime factors of 118956?
2, 3, 23, 431
List the prime factors of 376261.
17, 22133
List the prime factors of 3324428.
2, 103, 8069
List the prime factors of 6724788.
2, 3, 7, 223, 359
List the prime factors of 60152.
2, 73, 103
What are the prime factors of 13575589?
23, 590243
List the prime factors of 117544.
2, 7, 2099
List the prime factors of 11895994.
2, 11, 49157
List the prime factors of 135762.
2, 3, 11, 17
List the prime factors of 3165559.
23, 137633
List the prime factors of 20423993.
19, 317, 3391
List the prime factors of 5069081.
5069081
List the prime factors of 519161.
519